 Let l = 30 - f. Let n be 0 + (2 - (l - 1)). Give h(n).
1
Suppose 3*s + 14 = -13. Let f = s + 16. Let o(z) = -2*z - 1. Let j(x) = -3*x - 1. Let i(h) = -j(h) + 2*o(h). Determine i(f).
-8
Let d(t) = -5*t - 10. Let j(n) = -10 - n + 8*n + 21. Let q(h) = 4*d(h) + 3*j(h). Suppose p + 2*p - 24 = 0. Give q(p).
1
Let o(q) = -q**2 - 13*q + 120. Let b be o(6). Let d(x) = x**3 - 6*x**2 - x - 5. What is d(b)?
-11
Let g(z) = -8*z**3 + 2*z**2 - 3*z - 4. Let p(q) = -15*q**3 + 3*q**2 - 6*q - 7. Let d(c) = -5*g(c) + 3*p(c). Give d(-1).
6
Suppose -3*c - 5*u + 14 = 0, -19*c = -20*c + u - 6. Let o(x) be the third derivative of 0 - 2*x**2 + 1/3*x**3 + 0*x + 1/6*x**4 + 1/30*x**5. What is o(c)?
2
Let v(m) = -m**3 + 5*m**2 - 5. Suppose 4*w + 37 = g, 3*w + 80 = 5*g + 4*w. Let p = 19 - g. Let i(x) = x + 2. Let f be i(p). Give v(f).
11
Let g(f) = -f - 1. Let h(l) = -l**3 - 6*l**2 - 7*l - 7. Let x be h(-5). Suppose -4 + 1 = -x*v. Let a(s) = 7. Let n(r) = v*a(r) + 6*g(r). Give n(1).
-5
Let a(q) = 4*q**3 + q**2 - 1. Suppose -6 = -5*j + 14. Let h = j - 3. What is a(h)?
4
Let c = 26 + -14. Let f be (-45)/(-12) - (-3)/c. Let h(g) = 3 + 3*g - g**2 + 0 + 2 - 1. Determine h(f).
0
Let g(p) = -7*p + 6. Let f = 938 - 941. Determine g(f).
27
Let k = -112 + 118. Let m(p) = 4*p + k + 5*p - 6*p - 2. Calculate m(-6).
-14
Let i be (-3)/(3/(-13))*1. Let h(c) = -c + 2*c + i - 2. Let t = 6 - 6. Determine h(t).
11
Let l(d) = 17*d + 0 - d**2 - 3 - 58*d + 22*d + 24*d. Suppose 4*c + n = -0*c + 16, -c = -3*n - 17. Determine l(c).
-3
Let h(t) = -t - 4. Let q be h(-6). Suppose -q*j = r + 1, -r - 3*j - 5 = -2. Let l(o) = o**2 - 4. What is l(r)?
5
Suppose -3*z + 6*z - 2 = -4*c, 5*c - 19 = -z. Let w(v) = v**2 + 6. Give w(z).
42
Let i(t) = -10 + 8*t**2 - 266*t**3 - 2*t**2 + 267*t**3 - 9*t. Suppose 0*m = 4*m - 20. Suppose m*b + 9 = -26. Determine i(b).
4
Let u be (-45)/(-6)*(-4)/5. Let z(y) = -y**2 - 6*y - 8. Give z(u).
-8
Let j = -21 - -13. Let r(x) = -x**3 - 10*x**2 - 12*x - 2. Calculate r(j).
-34
Let o(b) = b**2 + 6*b + 1. Suppose 2*q - 19 - 29 = 0. Let p(z) = 6*z**2 - 23*z. Let g be p(4). Suppose -5*v + 1 + 8 = g*x, 0 = x - 4*v + q. Calculate o(x).
-7
Let x = 35 + -37. Let n be ((-1 + 2)*(x + 0))/(-1). Let z(r) = r - 3. Determine z(n).
-1
Let r(f) = f**3 - f**2 - f - 4. Suppose -4*q + 3*u - 24 + 18 = 0, 2*u = -4*q + 4. Calculate r(q).
-4
Suppose -55*b + 31*b - 63*b = -609. Let a(u) = 2*u**3 - 14*u**2 + 13*u - 15. Let g(i) = i**3 - 7*i**2 + 6*i - 7. Let j(s) = -6*a(s) + 13*g(s). Calculate j(b).
-1
Let v(x) be the second derivative of -x**2 - 1/2*x**3 + 24*x + 1/12*x**4 + 0. Give v(4).
2
Let n be (-21)/(-28) + (-363)/(-12). Let z = n + -27. Let x(q) = z + 6*q**2 + 2*q**2 + 6*q - 7*q**2. What is x(-5)?
-1
Let p(x) = -10*x**3 - 2*x**2 + 1. Let b be 3/(1*(1 + 0)). Suppose 2*q - f = 4, -2*f = b*q + f + 12. Let d = 1 + q. What is p(d)?
-11
Suppose 28*z - 64 = -4*z. Let y(l) = 8*l**3 - 2*l**2 + 4*l - 2. Give y(z).
62
Let j be (15/2 + (9 - 12))*-2. Let b(m) = -m**3 - 8*m**2 + 6*m - 13. Calculate b(j).
14
Let k(n) = -37*n**3 + 49*n**2 + 34*n + 1. Let o(r) = 13*r**3 - 17*r**2 - 12*r. Let a(j) = 6*k(j) + 17*o(j). Let f = 9 - 4. What is a(f)?
6
Let u be (4 + 2)*(-1)/(-2). Let d(b) = -b**2 - 2 + b**2 + u*b + b**2. Let s = 409 - 413. Give d(s).
2
Let r(q) = -q**3 - 10*q**2 - 8*q + 13. Let z be r(-9). Let h(l) = -2 - 5*l - 1 + 7 + 5*l**2 - z*l**2. Suppose 3*k + 3 = 4*k. Determine h(k).
-2
Let z(p) be the first derivative of -p**2 - 26*p + 333. Calculate z(-12).
-2
Let u(j) = 9*j - 116*j**2 + j**3 + 58*j**2 + 11 + 67*j**2. Determine u(-8).
3
Let s be 17/(-5) - (-30)/75. Let l(t) = -t**3 - 4*t**2 - t. Determine l(s).
-6
Let f(c) = 9*c**2 - 5*c + 9. Let u(l) = -7*l**2 + 4*l - 5. Let w(g) = 2*f(g) + 3*u(g). What is w(-3)?
-30
Let i(m) be the second derivative of m**5/60 - m**4/3 - m**3/2 + 17*m**2/2 + 2*m - 2. Let q(r) be the first derivative of i(r). Calculate q(8).
-3
Let n(u) be the third derivative of u**5/12 - u**4/8 - u**3/6 + 165*u**2. Calculate n(3).
35
Let x be (5 - 6)/((-1)/(-6)). Let b(m) be the second derivative of m**5/120 + m**4/3 - m**3/2 - 4*m. Let v(i) be the second derivative of b(i). What is v(x)?
2
Suppose -3*j - 2*j + 30 = 0. Let v(q) = 4*q + 6. Let w(s) = -s - 1. Let r(m) = -2*v(m) - 10*w(m). Calculate r(j).
10
Let w(c) = -c**3 + 1. Let b(q) = -q**3 + 3*q**2 + 5*q - 1. Let r = 10 + -6. Let f be b(r). Let v = 4 - f. Calculate w(v).
0
Suppose -5*b = 4*w - 32, -3*w + 6*w + 5*b = 29. Suppose -2*i + w = 1. Let h be i - 3 - 1*-2. Let s(n) = -n**3 - n**2 - n - 2. Calculate s(h).
-2
Let n(z) be the second derivative of z**4/12 + z**3/2 - z. Suppose -43*i + 17*i = 78. What is n(i)?
0
Let u(q) = -q - 5. Suppose 0 = -5*h + 5*i - 100, h - 5*i = -50 + 14. Let r be ((-6)/(-1))/((-6)/h). Let t be r/(-4) - (0 - 4). Give u(t).
-5
Let t be (-1880)/(-32) - (-1)/(-8)*-2. Let g = t + -58. Let k(y) = -6*y**2 + y. Determine k(g).
-5
Let q(f) = f**3 + 7*f**2 - 10*f - 13. Let j be q(-8). Let g(b) = -7*b - 17 + 35 - 14 + j*b. Calculate g(3).
-8
Let t(x) be the second derivative of x**5/4 + x**3/3 + x**2/2 - 480*x. What is t(-1)?
-6
Let k(n) be the third derivative of n**4/4 + 4*n**3/3 + 4*n**2. Let j(s) = 1. Let y(m) = 6*j(m) - k(m). Let b be y(-1). Let u(p) = p + 2. Give u(b).
6
Suppose 0 = 3*y - 4 - 2. Let l(q) = 4 + q + 4 - y*q - q**2 - 6. Suppose -2*t = t + 12. Determine l(t).
-10
Let u(p) be the third derivative of p**6/120 - p**5/20 - p**4/4 + p**3 + p**2 + 854*p. What is u(4)?
-2
Let h be (-12)/3 - 0 - (0 + 3). Let s(j) = 2*j + 10. Let u(m) = -2*m - 10. Let f(t) = 4*s(t) + 5*u(t). Give f(h).
4
Let y(q) = -17*q + 38. Let m(a) = -4*a + 9. Let b(v) = -26*m(v) + 6*y(v). Give b(-8).
-22
Let k(r) = r**3 - 13*r**2 + 10*r + 24. Let d = 1711 + -1699. What is k(d)?
0
Let f(h) = h**2 - h - 2. Suppose -2*o + 6 = -0*o. Suppose 0 = -o*p - 2*p + 40. Suppose -2*m = -0*m - p. What is f(m)?
10
Let q(u) = u - 3. Suppose 0 = 40*n - 47*n. Calculate q(n).
-3
Let j(p) = p**2 - 6*p + 1. Let v(a) = a**3 + a**2 - 5*a + 3. Suppose 0 = x - 0*x - 2. Let d be (-2 - 2) + x - -4. Let o be v(d). Calculate j(o).
-4
Let f be 9/18 + 3/(-2). Let t(a) = 21*a + 3. Let u(c) = 31*c + 4. Let o(j) = 8*t(j) - 5*u(j). Let s(l) = -l + 1. Let n(m) = f*o(m) + 3*s(m). Give n(-1).
15
Let h(n) = n**3 + 5*n**2 - 6*n + 6. Let x = -135 - -129. Determine h(x).
6
Let b(c) = 0*c - c - 2 + 0*c. Let u be (-2)/(-6) - 1 - (-20)/3. Suppose 3*z + 5*f = 2*f - u, 2*z = 5*f + 10. Calculate b(z).
-2
Let i(j) = -4*j - 31. Suppose 4 = -2*y, 4*f - 5*y + 3*y + 24 = 0. What is i(f)?
-3
Let f(b) = b**2 - 6*b - 5. Suppose 5*w = 4*j + 16 + 15, -32 = -5*w + 3*j. Calculate f(w).
2
Let v be ((-56)/(-42))/((-8)/(-6)). Let k(x) be the second derivative of 0 + 3/10*x**5 + 1/12*x**4 + 11*x + 0*x**2 - 1/6*x**3. Determine k(v).
6
Let g(q) = -24*q**3 + 2*q**2 + 14*q + 14. Let d(x) = 19*x**3 - 3*x**2 - 13*x - 13. Let y(l) = 5*d(l) + 4*g(l). Determine y(-6).
9
Let w(k) = 2*k**2 - 4. Suppose -20 = -71*b + 66*b. Determine w(b).
28
Let r = -4 + 10. Suppose -2*j + r = 0, -11 = -3*m - m + 3*j. Suppose n - m*o + 3 = 4, -n + 11 = 5*o. Let d(h) = h**3 - 6*h**2 - h + 3. Calculate d(n).
-3
Let l(y) = -y**3 + 5*y**2 + 7*y - 7. Let g(u) be the second derivative of -u**3/6 + 3*u**2/2 + 14*u. Let z be g(-3). Determine l(z).
-1
Let s(l) = -3 + 0*l + l - 4*l - 1. What is s(-4)?
8
Let s(n) = -3*n - 1. Suppose -27*j = 2*j - 29. Calculate s(j).
-4
Let l(t) = t**2 + 3*t - 5. Let a(f) = -f**2 + f + 7. Let b be (72/(-60))/((-3)/(-30)*4). Let y be a(b). Determine l(y).
5
Let x(o) = -o - 1. Let u = -141 - -73. Let p be (-15)/4 - 51/u. Give x(p).
2
Let c(l) = l**3 + 10*l**2 + l - 10. Suppose 3*t - 5 = i + 5, 5*i - 4*t + 50 = 0. What is c(i)?
-20
Let g = 536 - 532. Let s(k) = -k**3 + 2*k**2 + 6*k + 4. Calculate s(g).
-4
Let v(c) = c**2 + 6. Suppose 33*s - 23 = 76. Determine v(s).
15
Let m be ((-4)/(-5))/(12/(-390)). Let w = -25 - m. Let o(j) = -11*j + 1. Determine o(w).
-10
Let x(q) be the first derivative of q**6/360 - q**5/40 - 7*q**4/24 + q**3/3 - 1. Let f(p) be the third derivative of x(p). Give f(5).
3
Let z(k) = 3*k**3 + 7*k**2 - 6*k + 7. Let g(w) = -7*w**3 - 15*w**2 + 12*w - 15. Let n(i) = 2*g(i) + 5*z(i). Calculate n(-6).
5
Suppose -5*q = -8*u + 3*u + 1385, 2*u = q + 554. Let f(d) = 4*d**3 - 5*d**3 - 7 - 284*d + u